1*j**2. Let l(c) be the second derivative of -c**5/10 - 23*c**4/12 - 2*c**3 - 102*c. Let k be l(-11). Determine p(k).
0
Let c(r) = -r - r - 9 - 3024*r**2 + 3030*r**2 + 8*r. What is c(4)?
111
Let y(b) = 3187146*b**2 + 0*b**3 - 8*b - 3187138*b**2 + 1 - b**3. Let s(h) = -5*h + 1. Let f be s(-1). Give y(f).
25
Let c(h) = 6*h**3 + 2*h**2 - 3*h + 1. Suppose 0 = -49*l + 12*l - 259. Let b be (4/l)/(((-40)/(-28))/(-5)). Determine c(b).
51
Let d(u) = -4*u**2 + 3*u + 10. Let s be (-8 - -16 - -2)/2. What is d(s)?
-75
Let n(z) = -z**3 - 6*z**2 + 3. Let i be (0 - 1)*(-18 - -16). Suppose -i*r = 3 - 55. Suppose 0 = -4*q + 5*j - 19, -5*q - 2*j = -q + r. What is n(q)?
3
Let b = -359 - -361. Let h(c) = c + 83 - 4*c + b*c - 61. Give h(0).
22
Let v(d) be the first derivative of -3/2*d**2 + d - 1/4*d**4 - 57 + 5/3*d**3. Give v(3).
10
Let q = -705 - -710. Let w be 3/2 + -9 - q/(-2). Let r(l) = l**3 + 3*l**2 - 7*l - 4. Determine r(w).
-19
Let g(d) = d**2 - 24*d - 6. Let b(j) = j**2 - 26*j - 14. Let p(i) = -4*b(i) + 5*g(i). Give p(13).
-13
Let s(a) = a**2 + 5*a**2 + 181 - a**2 - 172 - 28*a. Let u(q) = 2*q**2 - 10*q + 3. Let m(y) = 4*s(y) - 11*u(y). What is m(-3)?
-9
Suppose 0 = -n - 0*n - 2*v + 8, -n - v + 6 = 0. Let l(b) = -n - 5*b**3 + b**2 - b**3 + 5*b**2 + 5*b**3. Calculate l(5).
21
Let p(z) = -z**3 + 4*z**2 - 3*z + 1. Let l(m) = m**3 + 4*m**2 - 6*m - 3. Suppose -19*n = 20 + 75. Let t be l(n). Determine p(t).
3
Let u(k) be the second derivative of k**4/12 + 19*k**3/6 - 31*k**2 + 14*k - 73. What is u(3)?
4
Let p(h) = 29*h**2 + h. Let g(x) = -34*x**2 + 3. Let t(z) = 6*g(z) + 7*p(z). Calculate t(10).
-12
Let a(c) = 17*c - 2*c - 5*c - 65 + 0*c - 7*c. Give a(21).
-2
Suppose -3*b = 114 - 96. Let a(p) = -p**3 - 8*p**2 - 12*p + 5. Let f be a(b). Let h(w) = w**2 - 6*w + 5. Calculate h(f).
0
Let h be (-720)/(-64) - (-2)/(-8). Let f(s) = 5*s**3 - 18*s**2 + 3*s - 2. Let q(p) = -14*p**3 + 51*p**2 - 10*p + 7. Let y(z) = h*f(z) + 4*q(z). Calculate y(5).
-4
Let w(o) = -8*o**3 - 23*o**2 + o - 20. Let j(s) = s**3 - s**2 + 2*s + 1. Let c(u) = 6*j(u) + w(u). Give c(-15).
16
Let n(x) be the third derivative of 7*x**5/15 + x**4/24 - 143*x**2 + x. Determine n(-1).
27
Let i(s) = -2*s - 5. Suppose 7*j - 6*j - 36 = 0. Suppose 4*n - 4*d = 60, 2*n + 0*n + d = j. Suppose 4*k + 2*q = -12, q = k - 2*q + n. What is i(k)?
5
Let u(m) be the first derivative of m**3/3 - m**2 - 6*m + 68. Suppose -2*k + 6 = 2*g - 6*k, 3*g - 14 = k. Calculate u(g).
9
Let f = 149 + -383. Let t = f - -240. Let r(x) = x**2 - 5*x - 7. What is r(t)?
-1
Let o(c) = c**2. Let d(i) = -2*i**2 + 2*i - 133. Let p(u) = d(u) + 3*o(u). Let b(g) be the first derivative of p(g). Give b(4).
10
Let b(g) = 34*g - 7*g + g**3 + 3 - 26*g + 7*g**2. Suppose -4*w + w - 21 = 0. Determine b(w).
-4
Let r = 768 + -463. Let v = r + -306. Let f(j) = -3*j**3 + j**2 + 2*j + 1. Determine f(v).
3
Let h(v) be the third derivative of 0 + 77*v**2 + 0*v + 0*v**3 - 1/6*v**4. Determine h(-2).
8
Let k(o) = 3*o - 6. Let w(m) = -2*m + 3. Let l(v) = -4*k(v) - 7*w(v). Let n be (-21)/6*2 - -4. Determine l(n).
-3
Let l(h) be the third derivative of -5*h**4/12 + 15*h**3 - 7598*h**2. Determine l(9).
0
Let z(k) = 124*k + 2106. Let d be z(-17). Let n(h) be the second derivative of -5*h**3/3 + 3*h. Calculate n(d).
20
Let z(m) be the third derivative of -m**6/24 + m**3/3 - 67*m**2 - 23*m. What is z(-2)?
42
Let u(g) = -10 + 84*g - 35 - 7 + 54. What is u(1)?
86
Let p be (18/(-15))/(28/(-70)) + -8. Let b(m) = 5*m**3 + 6*m**2 + 2*m + 2. Let f(i) = 14*i**3 + 18*i**2 + 6*i + 5. Let o(q) = -11*b(q) + 4*f(q). Give o(p).
13
Let m(v) = 15*v + 12. Let y(u) = -7*u - 6. Let a(s) = -4*m(s) - 9*y(s). Suppose -5 = o - 0*o + 3*x, 4*x - 10 = 2*o. What is a(o)?
-9
Let u(x) = x + 3. Let g = -10 + 109. Let q = g - 99. Determine u(q).
3
Suppose -31*q - 6 = -34*q. Let w(v) = -8*v + 831 + v**q - 831. Calculate w(8).
0
Let a(m) = 26*m**2 + 1819*m - 71. Let l be a(-70). Let s(n) = 2*n + 2*n + 5*n**3 + 1 - 2*n + n**2. Give s(l).
-5
Let s(h) be the second derivative of h**7/2520 + h**6/240 - h**5/40 + h**4/12 - 2*h**3/3 + 139*h. Let f(t) be the third derivative of s(t). What is f(2)?
7
Let u(f) = 5*f**2 - 2*f + 1. Suppose -5*s + 103 = -57. Let i = s - 31. Suppose -12*m = -11*m - i. Determine u(m).
4
Let p(i) = -96*i**2 - 179*i + 421. Let f(a) = -34*a**2 - 60*a + 140. Let n(g) = 17*f(g) - 6*p(g). What is n(24)?
-2
Let j(d) be the first derivative of -5/6*d**3 - 24*d - 37 + 4*d**2. Let l(u) be the first derivative of j(u). What is l(6)?
-22
Suppose -4*c = 0, -x + 89 = c - 142. Suppose 8*p = -13*p - x. Let t(j) = 2*j + 12. Give t(p).
-10
Suppose -3*z - 4*l = 10, 2*z + 5*l = -30 + 14. Let n(b) be the first derivative of 2*b - 2*b**z + 4/3*b**3 + 1/4*b**4 - 14. What is n(2)?
18
Let i(l) = l**3 + 9*l**2 + 7*l - 2. Let y(q) = q**3 + 40*q**2 + 354*q + 30. Let f be y(-13). Calculate i(f).
-65
Let l(r) = -r**2 - 17*r - 52. Let i be (-3 - 3)/(0 - -2) + -4. Determine l(i).
18
Let w be (-8)/6*(2 - 8). Suppose -9*f = -26 + w. Let n(r) = -f*r**2 + 52*r - 31*r - 30*r - 8 + r**2. Give n(-6).
10
Let z = 13 + -6. Let a(r) be the third derivative of 33*r**2 + 1/4*r**4 + r**3 - 1 + 0*r - 1/60*r**5. Determine a(z).
-1
Let v(r) = -4*r**2 - 3*r - 1. Let y(x) = x**2 + 7*x - 10. Let i(n) = 6*n - 8. Let b = -44 + 44. Let g be i(b). Let p be y(g). Calculate v(p).
-11
Let o(r) = -r**3 - 9*r**2 - 7*r - 3. Let i = -63 + 118. Suppose 5*z - 155 - i = 0. Suppose 0 = -43*c + z*c - 8. Calculate o(c).
-11
Suppose 4*x - 5*d = -7, 2 + 9 = 4*x + d. Let y(q) = -2053*q + 2053*q + 5 - q**x. What is y(-4)?
-11
Let w(x) = -27*x**3 + 2*x + 2. Let g be (60/(-45))/(8/6). Determine w(g).
27
Let s(o) = -4*o**2 - 9*o - 9. Let p(k) = -17*k**2 - 35*k - 39. Let q(u) = 6*p(u) - 26*s(u). What is q(-12)?
0
Let t(c) be the third derivative of -1/24*c**4 + 0*c - 1/60*c**5 - 3*c**2 + 1/3*c**3 + 0. Let k(h) = h**3 - 3*h**2 - 35*h + 123. Let n be k(5). What is t(n)?
0
Let h(o) = -29*o - 33. Let n be h(-2). Suppose 0*s + n = -5*x + s, 4*s = 0. Let a(i) = i - 7. Calculate a(x).
-12
Let n(l) = l**3 - 4*l**2 - 8*l + 12. Let q(v) = -88*v - 876. Let o be q(-10). Determine n(o).
-20
Let g(r) be the first derivative of r**4/4 + 7*r**3/3 + 5*r**2/2 + r + 10. Let n be (3 - 72/16)/((-2)/(-8)). What is g(n)?
7
Suppose 729 = 4*s + 701. Let w(p) = p**3 - 8*p**2 + 5*p - 10. Calculate w(s).
-24
Let r = 75 - 73. Let o(d) be the second derivative of d**3/6 - 5*d**2/2 + 100*d + 1. What is o(r)?
-3
Let z(j) = 7*j**3 + 5*j**2 - 11*j - 5. Let g(p) = -6*p**3 - 3*p**2 + 9*p + 6. Let x(h) = -6*g(h) - 5*z(h). Calculate x(8).
61
Suppose -2*c = 5*a + 5 - 28, 5*c - 20 = -5*a. Let q = -1 - a. Let k(h) = 72*h**2 + 76*h**2 + 69*h**2 + 69*h**2 - 287*h**2 - 6 - 3*h. Give k(q).
-24
Let x = -541 - -527. Let m(y) = -y**3 - 13*y**2 + 13*y - 17. What is m(x)?
-3
Let s be ((18 + -29)*(-10)/110)/(2/(-14)). Let q(r) = r**3 + 9*r**2 + 11*r + 16. Calculate q(s).
37
Let t(h) = 5*h**2 - 46*h - 39. Let k(q) = 6*q**2 - 58*q - 49. Let g(n) = 13*k(n) - 16*t(n). Determine g(-5).
27
Let l(y) = -39*y + 14*y + 58 + 23*y. Determine l(15).
28
Let g(f) be the first derivative of -3*f**2/2 + f + 92. Let b(z) = 10*z - 2. Let p(m) = -2*b(m) - 7*g(m). What is p(-7)?
-10
Let k(p) be the second derivative of -3/2*p**3 + 0 + 207*p - 1/2*p**2. What is k(-2)?
17
Suppose 49*d = 54*d - 10. Let k(v) = -4 - 7*v - d + 4*v. Give k(-5).
9
Let w be 5/((-25)/52) - 6/10. Let b(l) = 134*l - 7 - l**2 + 2*l**2 - 126*l. Give b(w).
26
Suppose -2*v - h + 39 = 0, 4*h - 19 = 4*v - 103. Let s(n) = 20*n - v*n + 13*n + 1. What is s(1)?
14
Suppose a - 3*x - 1 = -2, 0 = -4*x - 4. Let w(o) = -2*o**2 + 34*o - 57. Let l be w(15). Let r(d) = 7*d + 6 + 57*d**2 + d**l - 51*d**2 + 0*d**3. Determine r(a).
10
Let b(p) = -18*p**2 - 6*p + 5. Let o(y) = -14*y**2 - 5*y + 3. Let a(w) = 3*b(w) - 4*o(w). Let r be -3*(33/9 - 3). Calculate a(r).
7
Let c(f) be the second derivative of -5*f**3/3 - f**2/2 + 3*f + 146. Give c(-1).
9
Let y = 542 - 292. Let i(x) = 240*x**2 + x - 11*x + 0*x**3 - y*x**2 - 3 - x**3. Suppose 3*o - 16 = k - 1, 5*k = -5*o - 35. Determine i(k).
6
Let t = 4936 - 4938. Let d(a) = 2*a - 1 - a**2 - a**3 + 0*a**3 + 0*a. Determine d(t).
-1
Let z = -69 + 68. Let d(l) = 6*l + 6. Let f(g) = g + 1. Suppose 2 = i - 2*j - 1, -5*j = -4*i + 12. Let b(h)